i - s + 16. Let y = 1 + i. Suppose 2*f - 8 = 0, 25 = 4*q - q + y*f. Let h(d) = d**3 - 4*d**2 + 3. Determine h(q).
-6
Suppose -3*v - 16 = 2*o - o, -v - 5*o - 10 = 0. Let m(a) = -a**3 - 6*a**2 - 4*a + 2. Give m(v).
-3
Let j(z) = -5 + 6 - 2 - 3*z. Determine j(3).
-10
Let h(w) = 2*w - 7. Suppose -5*r + 1 = 26. Give h(r).
-17
Let l(h) = -h**3 + h**2 + h. Let c(v) = v**3 - 8*v**2 + 3*v + 1. Let y(i) = -c(i) - 2*l(i). Calculate y(-7).
-15
Let j(n) = -4*n + 4 - 9 + 3*n**2 - 5*n**2 + 1. Let u be 3 + (-6 + 3)*2. Calculate j(u).
-10
Let d(u) = u**3 + 3*u**2 - u. Let o(q) = 2*q + 9. Let p be o(-6). Let s be d(p). Suppose -2*m - b = b - 6, s*b = -2*m + 10. Let i(z) = -7*z - 1. What is i(m)?
6
Let n(j) = j**2 + 6*j + 5. Let i(c) = -2*c**3 - c**2 - 1. Let g(l) = 5*l**3 + 4*l**2 + 3. Let u(p) = -2*g(p) - 7*i(p). Let r be u(-1). Calculate n(r).
-3
Let n(g) = g**2 - 5*g + 2. Suppose -4*b - 120 = -0*b. Let c be ((-12)/(-18))/((-4)/b). Suppose 2*h + 9 = c*h. What is n(h)?
-4
Let c(d) = 0 - 4*d - 1 + 13*d - 3*d. Calculate c(1).
5
Let a(i) = 0*i**2 - 2*i + 5*i**3 - 13*i**3 - 2*i**2 - 1 - 6*i**3. Suppose -4 = 3*x - 1. Determine a(x).
13
Let w(h) be the third derivative of h**5/20 - h**4/6 + h**3/2 - h**2. Determine w(2).
7
Let t be (1/(-4))/(22/(-440)). Let j(z) be the second derivative of -1/6*z**3 + 3*z - 3/2*z**2 + 0 + 1/12*z**4 - 1/20*z**t. Calculate j(0).
-3
Suppose 21*m - 24*m = 9. Let a(l) = -l**3 - 3*l**2 + 4*l + 3. Calculate a(m).
-9
Let t(k) = 4*k**2 + 2*k + 3 - 2*k**2 + 2*k - k**2. Determine t(-6).
15
Let d(v) be the second derivative of -v**4/12 + v**3/6 - 5*v. Let z(l) = l**3 - 5*l - 8. Let n(t) = -6*d(t) - z(t). What is n(6)?
2
Let q(u) = -1. Let f(a) = a**2 - a + 6. Let j(t) = f(t) + 6*q(t). Give j(3).
6
Let y(s) = s**2 - 2*s - 4. Let i(k) = k**3 - 12*k**2 + 12*k - 7. Let f be i(11). Give y(f).
4
Let i be ((-3)/2)/(18/(-24)). Let j(p) = -2*p. Suppose 4*t - 5*a + 4 = -1, 15 = -t + 4*a. Let x(r) = 3*r. Let l(c) = t*x(c) + 9*j(c). What is l(i)?
-6
Let y(m) = -m**2 - 9*m - 8. Let n be y(-6). Suppose -n*t = -5*t - 5. Let a(p) be the first derivative of p**2/2 - p + 6. What is a(t)?
0
Let t(r) = -r**3 - 8*r**2 - 5*r + 4. Suppose 15 - 1 = -2*f. Calculate t(f).
-10
Let v(n) = -n + 4. Let w = -3 + 16. Suppose -3*y + 5*s = 2, -5*y + 9 = -2*s - w. Calculate v(y).
-2
Let k(s) be the third derivative of s**6/720 + s**5/60 + s**4/6 - 3*s**2. Let h(j) be the second derivative of k(j). Give h(-4).
-2
Let w(y) = -4 - 3 - 1 + y. Determine w(0).
-8
Let v(k) be the third derivative of 3*k**6/40 - k**5/60 - 2*k**2. Suppose 8 - 5 = 3*d. Calculate v(d).
8
Let d(s) be the third derivative of -s**5/60 - s**4/12 - 5*s**3/6 + 32*s**2 - 2*s. Suppose -y + l = 2, -3*y + l = -6 + 16. Give d(y).
-13
Let a(n) be the second derivative of -n**3/6 + 6*n**2 - 55*n. What is a(6)?
6
Let w = 60 + -178/3. Let b(q) be the second derivative of -1/2*q**2 + 0 - w*q**3 + q - 1/12*q**4. Calculate b(-2).
3
Let i(k) = -k**2 - 3*k + 4. Let p(t) = 2*t**2 + 6*t - 7. Let u(x) = 11*i(x) + 6*p(x). What is u(-4)?
6
Let c(g) = -3*g - 4*g**2 - 3*g + 8*g + 3*g**2. Let y(m) = -2*m**2. Let k be y(-1). What is c(k)?
-8
Let h = 8 + -10. Let n be 70/(-50) + h/(-5). Let f(p) be the first derivative of 7*p**2/2 + p + 1. Calculate f(n).
-6
Let w(t) = -t**3 + t**2 - t + 1. Suppose -2*b + 10 = -m, -2*m - 3*b = -5*m - 15. Let f = m - 0. Calculate w(f).
1
Suppose -4*g + 2*g = 4*y + 22, -g = -y - 1. Let l(f) = -5. Let z(v) = -v - 2. Let w(t) = l(t) - z(t). Determine w(g).
-6
Let i(n) be the second derivative of n**4/6 + n. Let p = -1 - -2. Give i(p).
2
Let u(v) = v**3 + 6*v**2 - 6. Let o be u(-6). Suppose 30 = 3*x - 6*x. Let r be x/o*(-1 - -4). Let q(z) = -z - 1. Give q(r).
-6
Let v(j) = j**3 - 3*j**2 + 2*j - 1. Let g = 3 + 0. Calculate v(g).
5
Let w be (-56)/10 + 2/(-5). Let a(h) be the first derivative of h**4/4 + 2*h**3 + h**2 + 9*h - 22. What is a(w)?
-3
Let a(p) = -15 - 20 + 41 + p**2 - 5*p. Determine a(6).
12
Suppose 20 = -3*o + 8. Let t(l) = -l + 7 - 1 + 2*l. Determine t(o).
2
Let i(y) = 6*y + 13. Let s(r) = -5*r - 12. Let q(h) = 6*i(h) + 7*s(h). Suppose 5*p + 2*k = -24, -4*p - 4*k - 9 = k. Determine q(p).
-12
Let t(p) = p**3 + 4*p**2 - p - 3. Suppose 99 - 15 = 3*v. Let g be (-8)/v - 2/(-7). Suppose g = -5*o - 5*m, -3*o + 4*m = -2*o + 15. Determine t(o).
9
Let b(k) = -k. Let n(a) = -a**2 - 7*a + 1. Let c(o) = -2*b(o) + n(o). Calculate c(-6).
-5
Let d(w) be the second derivative of -w**6/720 + w**5/40 - w**4/12 - 3*w. Let f(h) be the third derivative of d(h). What is f(-3)?
6
Let l(o) = o + 2. Let p = -170 + 164. Calculate l(p).
-4
Let p = -5 + 7. Let m(t) = -5 - 5*t - 7*t**p + 6*t**2 + 2. Let v be m(-4). Let y(w) = -10*w**2. Give y(v).
-10
Let f(i) = -i + 2. Suppose 3*p - 13 = 2. Let v be p/5*(-2 - 0). Determine f(v).
4
Suppose 8*a - 2*a - 12 = 0. Let j(k) = -k**2 + k + 2. Give j(a).
0
Let g(r) = 362 - 361 - 3*r**2 - 2*r**3 + 5*r**2 + r. Calculate g(2).
-5
Let s(d) be the third derivative of -d**6/120 + d**5/12 + 5*d**4/24 + 7*d**3/6 + 15*d**2. What is s(6)?
1
Let r(u) = 2 - 41*u + 12*u + 6*u + 15*u. Give r(1).
-6
Let d be 5/(-2)*20/(-25). Let z(w) = 13*w - 11. Let c(x) be the third derivative of 7*x**4/24 - x**3 + x**2. Let k(b) = 11*c(b) - 6*z(b). What is k(d)?
-2
Let f(p) = -p - 1. Suppose 3*l + v = l + 7, 3*l = 5*v + 43. Determine f(l).
-7
Let i(r) = -4*r**3 + r**3 + 4*r**3 - r - r**2 + 2*r**2. Calculate i(-2).
-2
Let n(q) = 7*q**2 + 5*q - 2. Let i(s) = -3*s**2 - 3*s + 1. Let y(j) = -j + 8. Let h be y(6). Let k(x) = h*n(x) + 5*i(x). Give k(-5).
1
Let b(k) = 6*k**2 - k. Let t = 49 - 47. What is b(t)?
22
Let t(s) = -13*s + s - s**2 + 5*s + 4*s - 3. What is t(-5)?
-13
Let a(x) be the first derivative of x**3/3 - 9*x**2/2 + 9*x + 6. Determine a(7).
-5
Let y(p) = 5*p + 4. Let x(r) = -11*r - 9. Let k(a) = 4*x(a) + 9*y(a). Let b be k(-6). Let c(s) = s**3 + 5*s**2 - 6*s + 2. What is c(b)?
2
Let r(x) = -x - 6. Let n(h) = -h**2 + 5*h + 3. Let g be n(6). Let p(f) = 2*f + 7. Let l(d) = g*r(d) - 2*p(d). What is l(3)?
1
Let a be (-9)/(-12) - 62/8. Let t(d) = -d**2 - 10*d - 10. Give t(a).
11
Let x be (-108)/(-20) + (-4)/10. Let f(o) = -4 - 2 + 10*o + 2 + x. Let h(d) = d**3 + 4*d**2 - 4*d + 4. Let l be h(-5). What is f(l)?
-9
Let p(r) = r**3 + 2*r**2 + r + 17. Let j(d) = -d**2 - d. Let m(t) = 2*j(t) + p(t). Give m(0).
17
Suppose 14 = -2*n - 5*g, -4*n - g = 4*g + 8. Let z = n - 9. Let v(w) = -w - 2. Calculate v(z).
4
Let w = -3 + 7. Let o(f) = 14*f + 4. Let b(t) = -5*t - 1. Let x(g) = -17*b(g) - 6*o(g). Determine x(w).
-3
Suppose 2*q - 1 = 5. Let p(y) be the third derivative of y**2 + 0 + 0*y**3 - 1/6*y**4 - 1/120*y**6 + 0*y + 1/12*y**5. What is p(q)?
6
Let p(n) = n - 5. Let b = 15 + -11. Calculate p(b).
-1
Let b = -227 - -233. Let l(s) be the third derivative of s**6/120 - 7*s**5/60 + s**4/3 - s**2. Give l(b).
12
Let r(l) = -2*l**2 + 3*l - 2. Suppose 0 = 6*i - 8*i + 8. Let n be (4/i)/(1/2). What is r(n)?
-4
Suppose 5 = 5*p - 5. Let y(u) = -p*u + 7 + 4*u - 4*u + 3*u. Determine y(0).
7
Let z(q) = -11*q - 1. Let h(l) = -l**3 + 3*l**2 + 3. Let t be h(3). Let j be (-1)/t*(2 + 1). Give z(j).
10
Let u(c) = -1 + 5 - 2*c**2 + 0*c**2 - c**3 - 2 + 4*c. Suppose -2*q + 0*q = 6. What is u(q)?
-1
Let b(z) = z**3 - 9*z**2 + 10*z - 12. Let t = -34 - -42. Give b(t).
4
Let h be 60/(-50)*10/(-4). Let i(q) = q**2 + q + 1. Let r(x) = 5*x**2 + 8*x + 5. Let b(w) = h*i(w) - r(w). What is b(-3)?
-5
Let n(b) = -b**2 + 8*b - 21. Let q be n(4). Let l(v) be the third derivative of 0*v + 0 + 1/120*v**6 + 1/12*v**5 + 1/6*v**3 + 0*v**4 - 2*v**2. Calculate l(q).
1
Let p(t) = t + 7. Let c be 17/(-2) + (-27)/(-18). Give p(c).
0
Let k(f) = f**2 - f - 2. Let d(p) = -p**2 - 3*p + 6. Let x be d(-7). Let b = 24 + x. Calculate k(b).
0
Let g(k) = 3*k**2 - 2*k - 5. Let v(j) = 4*j**2 - j - 5. Let d(f) = -5*g(f) + 4*v(f). Determine d(-5).
0
Let y(r) be the third derivative of r**5/60 + 5*r**4/24 + r**3/6 + 9*r**2. What is y(-5)?
1
Suppose 5 = 11*b - 6. Let z(l) be the third derivative of l**6/40 + l**4/24 - l**3/6 - 2*l**2. Give z(b).
3
Let i(r) = -r. Let z(v) = v**2 + 2*v + 3. Let y(n) = 5*i(n) - z(n). What is y(-9)?
-21
Let v(p) be the third derivative of -p**6/120 - p**5/30 + p**4/12 - 2*p**3/3 - 3*p**2. What is v(-3)?
-1
Let r(f) = f**2 + 3*f + 3. Let c be 35/3 +